{"id":485,"date":"2022-04-27T14:48:08","date_gmt":"2022-04-27T17:48:08","guid":{"rendered":"https:\/\/loja.homecellcelulares.com\/?post_type=product&#038;p=485"},"modified":"2022-04-27T14:48:08","modified_gmt":"2022-04-27T17:48:08","slug":"cabo-mfi-hard-cable-em-tpe-branco","status":"publish","type":"product","link":"https:\/\/loja.homecellcelulares.com\/?product=cabo-mfi-hard-cable-em-tpe-branco","title":{"rendered":"Cabo MFi Hard Cable em TPE Branco"},"content":{"rendered":"","protected":false},"excerpt":{"rendered":"<div class=\"panel panel-gradient\">\n<div class=\"panel-heading\">\n<pre class=\"h4 pull-left\">CARACTER\u00cdSTICAS\r\n\r\n4 camadas de refor\u00e7o interno, incluindo fibra sint\u00e9tica de aramida<\/pre>\n<\/div>\n<\/div>\n<div id=\"technical-information\">\n<ul>\n<li>\n<pre>Conector de alum\u00ednio r\u00edgido<\/pre>\n<\/li>\n<li>\n<pre>Conex\u00e3o perfeita, protege completamente a interface USB contra poeira e danos de oxida\u00e7\u00e3o<\/pre>\n<\/li>\n<li>\n<pre>Permite carregar e tranferir arquivos ao mesmo tempo<\/pre>\n<\/li>\n<li>\n<pre>Suporta at\u00e9 2.4A<\/pre>\n<\/li>\n<li>\n<pre>Chip original Apple para aparelhos com entrada lightning<\/pre>\n<\/li>\n<li>\n<pre>Cabo em TPE<\/pre>\n<\/li>\n<li>\n<pre>Mais forte e ainda mais flex\u00edvel que cabos de Iphone padr\u00e3o<\/pre>\n<\/li>\n<li>\n<pre>Conector do cabo fabricado em material male\u00e1vel para evitar quebras<\/pre>\n<\/li>\n<li>\n<pre>Tamanho de cabo: 1.2m<\/pre>\n<\/li>\n<\/ul>\n<\/div>\n","protected":false},"featured_media":487,"template":"","meta":[],"product_cat":[26],"product_tag":[],"_links":{"self":[{"href":"https:\/\/loja.homecellcelulares.com\/index.php?rest_route=\/wp\/v2\/product\/485"}],"collection":[{"href":"https:\/\/loja.homecellcelulares.com\/index.php?rest_route=\/wp\/v2\/product"}],"about":[{"href":"https:\/\/loja.homecellcelulares.com\/index.php?rest_route=\/wp\/v2\/types\/product"}],"wp:featuredmedia":[{"embeddable":true,"href":"https:\/\/loja.homecellcelulares.com\/index.php?rest_route=\/wp\/v2\/media\/487"}],"wp:attachment":[{"href":"https:\/\/loja.homecellcelulares.com\/index.php?rest_route=%2Fwp%2Fv2%2Fmedia&parent=485"}],"wp:term":[{"taxonomy":"product_cat","embeddable":true,"href":"https:\/\/loja.homecellcelulares.com\/index.php?rest_route=%2Fwp%2Fv2%2Fproduct_cat&post=485"},{"taxonomy":"product_tag","embeddable":true,"href":"https:\/\/loja.homecellcelulares.com\/index.php?rest_route=%2Fwp%2Fv2%2Fproduct_tag&post=485"}],"curies":[{"name":"wp","href":"https:\/\/api.w.org\/{rel}","templated":true}]}}