{"id":472,"date":"2022-04-27T11:53:26","date_gmt":"2022-04-27T14:53:26","guid":{"rendered":"https:\/\/loja.homecellcelulares.com\/?post_type=product&#038;p=472"},"modified":"2022-04-27T11:53:26","modified_gmt":"2022-04-27T14:53:26","slug":"carregador-de-parede-20w-pd","status":"publish","type":"product","link":"https:\/\/loja.homecellcelulares.com\/?product=carregador-de-parede-20w-pd","title":{"rendered":"Carregador de Parede &#8211; 20W PD"},"content":{"rendered":"","protected":false},"excerpt":{"rendered":"<pre><strong>INFORMA\u00c7\u00d5ES T\u00c9CNICAS<\/strong><\/pre>\n<ul>\n<li>\n<pre>20W<\/pre>\n<\/li>\n<li>\n<pre>Carrega muito mais r\u00e1pido<\/pre>\n<\/li>\n<li>\n<pre>1 porta Type-C<\/pre>\n<\/li>\n<li>\n<pre>Design Compacto<\/pre>\n<\/li>\n<li>\n<pre>Funciona tanto para Apple como Android<\/pre>\n<\/li>\n<li>\n<pre>Acabamento Emborrachado<\/pre>\n<\/li>\n<li>\n<pre>Garantia de 3 anos<\/pre>\n<\/li>\n<li>\n<pre>Dentro dos Padr\u00f5es do Inmetro - Portaria no. 335\/11<\/pre>\n<\/li>\n<li>\n<pre>Ponta feita em cobre<\/pre>\n<\/li>\n<li>\n<pre>Chip Inteligente integrado, seguro e anti-explos\u00e3o<\/pre>\n<\/li>\n<\/ul>\n","protected":false},"featured_media":474,"template":"","meta":[],"product_cat":[26],"product_tag":[],"_links":{"self":[{"href":"https:\/\/loja.homecellcelulares.com\/index.php?rest_route=\/wp\/v2\/product\/472"}],"collection":[{"href":"https:\/\/loja.homecellcelulares.com\/index.php?rest_route=\/wp\/v2\/product"}],"about":[{"href":"https:\/\/loja.homecellcelulares.com\/index.php?rest_route=\/wp\/v2\/types\/product"}],"wp:featuredmedia":[{"embeddable":true,"href":"https:\/\/loja.homecellcelulares.com\/index.php?rest_route=\/wp\/v2\/media\/474"}],"wp:attachment":[{"href":"https:\/\/loja.homecellcelulares.com\/index.php?rest_route=%2Fwp%2Fv2%2Fmedia&parent=472"}],"wp:term":[{"taxonomy":"product_cat","embeddable":true,"href":"https:\/\/loja.homecellcelulares.com\/index.php?rest_route=%2Fwp%2Fv2%2Fproduct_cat&post=472"},{"taxonomy":"product_tag","embeddable":true,"href":"https:\/\/loja.homecellcelulares.com\/index.php?rest_route=%2Fwp%2Fv2%2Fproduct_tag&post=472"}],"curies":[{"name":"wp","href":"https:\/\/api.w.org\/{rel}","templated":true}]}}