{"id":470,"date":"2022-04-27T11:50:13","date_gmt":"2022-04-27T14:50:13","guid":{"rendered":"https:\/\/loja.homecellcelulares.com\/?post_type=product&#038;p=470"},"modified":"2022-04-27T12:10:26","modified_gmt":"2022-04-27T15:10:26","slug":"carregador-de-parede-turbo-30w-2-usb-1-pd","status":"publish","type":"product","link":"https:\/\/loja.homecellcelulares.com\/?product=carregador-de-parede-turbo-30w-2-usb-1-pd","title":{"rendered":"Carregador de Parede Turbo 30W &#8211; 2 USB +1 PD"},"content":{"rendered":"","protected":false},"excerpt":{"rendered":"<pre><strong>INFORMA\u00c7\u00d5ES T\u00c9CNICAS<\/strong><\/pre>\n<ul>\n<li>\n<pre>30W<\/pre>\n<\/li>\n<li>\n<pre>Carrega muito mais r\u00e1pido<\/pre>\n<\/li>\n<li>\n<pre>1 porta Type-C + 2 portas USB<\/pre>\n<\/li>\n<li>\n<pre>Garantia de 3 anos<\/pre>\n<\/li>\n<li>\n<pre>Dentro dos Padr\u00f5es do Inmetro - Portaria no. 335\/11<\/pre>\n<\/li>\n<li>\n<pre>Ponta feita em cobre<\/pre>\n<\/li>\n<li>\n<pre>Chip Inteligente integrado, seguro e anti-explos\u00e3o<\/pre>\n<\/li>\n<\/ul>\n","protected":false},"featured_media":475,"template":"","meta":[],"product_cat":[26],"product_tag":[],"_links":{"self":[{"href":"https:\/\/loja.homecellcelulares.com\/index.php?rest_route=\/wp\/v2\/product\/470"}],"collection":[{"href":"https:\/\/loja.homecellcelulares.com\/index.php?rest_route=\/wp\/v2\/product"}],"about":[{"href":"https:\/\/loja.homecellcelulares.com\/index.php?rest_route=\/wp\/v2\/types\/product"}],"wp:featuredmedia":[{"embeddable":true,"href":"https:\/\/loja.homecellcelulares.com\/index.php?rest_route=\/wp\/v2\/media\/475"}],"wp:attachment":[{"href":"https:\/\/loja.homecellcelulares.com\/index.php?rest_route=%2Fwp%2Fv2%2Fmedia&parent=470"}],"wp:term":[{"taxonomy":"product_cat","embeddable":true,"href":"https:\/\/loja.homecellcelulares.com\/index.php?rest_route=%2Fwp%2Fv2%2Fproduct_cat&post=470"},{"taxonomy":"product_tag","embeddable":true,"href":"https:\/\/loja.homecellcelulares.com\/index.php?rest_route=%2Fwp%2Fv2%2Fproduct_tag&post=470"}],"curies":[{"name":"wp","href":"https:\/\/api.w.org\/{rel}","templated":true}]}}