{"id":468,"date":"2022-04-27T11:45:24","date_gmt":"2022-04-27T14:45:24","guid":{"rendered":"https:\/\/loja.homecellcelulares.com\/?post_type=product&#038;p=468"},"modified":"2022-04-27T11:46:53","modified_gmt":"2022-04-27T14:46:53","slug":"carregador-veicular-turbo-30w","status":"publish","type":"product","link":"https:\/\/loja.homecellcelulares.com\/?product=carregador-veicular-turbo-30w","title":{"rendered":"Carregador Veicular Turbo 30W"},"content":{"rendered":"","protected":false},"excerpt":{"rendered":"<p><strong>INFORMA\u00c7\u00d5ES T\u00c9CNICAS<\/strong><\/p>\n<ul>\n<li>Carrega mais r\u00e1pido<\/li>\n<li>Chip IC Inteligente<\/li>\n<li>Design Compacto<\/li>\n<li>Input: 12V-24V<\/li>\n<\/ul>\n","protected":false},"featured_media":469,"template":"","meta":[],"product_cat":[26],"product_tag":[],"_links":{"self":[{"href":"https:\/\/loja.homecellcelulares.com\/index.php?rest_route=\/wp\/v2\/product\/468"}],"collection":[{"href":"https:\/\/loja.homecellcelulares.com\/index.php?rest_route=\/wp\/v2\/product"}],"about":[{"href":"https:\/\/loja.homecellcelulares.com\/index.php?rest_route=\/wp\/v2\/types\/product"}],"wp:featuredmedia":[{"embeddable":true,"href":"https:\/\/loja.homecellcelulares.com\/index.php?rest_route=\/wp\/v2\/media\/469"}],"wp:attachment":[{"href":"https:\/\/loja.homecellcelulares.com\/index.php?rest_route=%2Fwp%2Fv2%2Fmedia&parent=468"}],"wp:term":[{"taxonomy":"product_cat","embeddable":true,"href":"https:\/\/loja.homecellcelulares.com\/index.php?rest_route=%2Fwp%2Fv2%2Fproduct_cat&post=468"},{"taxonomy":"product_tag","embeddable":true,"href":"https:\/\/loja.homecellcelulares.com\/index.php?rest_route=%2Fwp%2Fv2%2Fproduct_tag&post=468"}],"curies":[{"name":"wp","href":"https:\/\/api.w.org\/{rel}","templated":true}]}}