{"id":452,"date":"2022-04-27T11:11:21","date_gmt":"2022-04-27T14:11:21","guid":{"rendered":"https:\/\/loja.homecellcelulares.com\/?post_type=product&#038;p=452"},"modified":"2022-04-29T17:23:36","modified_gmt":"2022-04-29T20:23:36","slug":"cabo-lightning-hemp","status":"publish","type":"product","link":"https:\/\/loja.homecellcelulares.com\/?product=cabo-lightning-hemp","title":{"rendered":"Cabo Lightning Hemp"},"content":{"rendered":"","protected":false},"excerpt":{"rendered":"<pre><strong>INFORMA\u00c7\u00d5ES T\u00c9CNICAS<\/strong><\/pre>\n<ul>\n<li>\n<pre>1,5 metro de comprimento<\/pre>\n<\/li>\n<li>\n<pre>Homologado pela Apple<\/pre>\n<\/li>\n<li>\n<pre>Resiste a mais de 50 mil dobras<\/pre>\n<\/li>\n<li>\n<pre><span style=\"color: #000000;font-family: verdana, geneva, sans-serif\">Feito de fibras naturais<\/span><\/pre>\n<\/li>\n<li>\n<pre>Suporta at\u00e9 80kg<\/pre>\n<\/li>\n<li>\n<pre>Garantia de 3 anos<\/pre>\n<\/li>\n<\/ul>\n","protected":false},"featured_media":454,"template":"","meta":[],"product_cat":[26,29],"product_tag":[],"_links":{"self":[{"href":"https:\/\/loja.homecellcelulares.com\/index.php?rest_route=\/wp\/v2\/product\/452"}],"collection":[{"href":"https:\/\/loja.homecellcelulares.com\/index.php?rest_route=\/wp\/v2\/product"}],"about":[{"href":"https:\/\/loja.homecellcelulares.com\/index.php?rest_route=\/wp\/v2\/types\/product"}],"wp:featuredmedia":[{"embeddable":true,"href":"https:\/\/loja.homecellcelulares.com\/index.php?rest_route=\/wp\/v2\/media\/454"}],"wp:attachment":[{"href":"https:\/\/loja.homecellcelulares.com\/index.php?rest_route=%2Fwp%2Fv2%2Fmedia&parent=452"}],"wp:term":[{"taxonomy":"product_cat","embeddable":true,"href":"https:\/\/loja.homecellcelulares.com\/index.php?rest_route=%2Fwp%2Fv2%2Fproduct_cat&post=452"},{"taxonomy":"product_tag","embeddable":true,"href":"https:\/\/loja.homecellcelulares.com\/index.php?rest_route=%2Fwp%2Fv2%2Fproduct_tag&post=452"}],"curies":[{"name":"wp","href":"https:\/\/api.w.org\/{rel}","templated":true}]}}